 - 3482. What is p(-8)?
38
Let y(v) = -v**3 - 663*v**2 + 76297*v - 2274. Determine y(-763).
15
Let t(k) = 6*k**2 - 221*k - 1016. Calculate t(41).
9
Let s(r) = -3*r**3 + 211*r**2 - 1037*r + 66. Determine s(65).
261
Let t(f) = f**2 - 22460*f - 2301343. What is t(-102)?
-19
Let f(v) = -v**3 + 24*v**2 + 25*v - 428. Determine f(-7).
916
Let s(x) = -2419*x**3 + x**2 + 145*x + 143. Determine s(-1).
2418
Let x(b) = 5*b**3 + 360*b**2 - 1238*b - 89135. Determine x(-72).
1
Let n(u) = -2*u**3 + 15*u**2 - 107*u - 133. Give n(7).
-833
Let r(c) = 30038*c + 360457. Calculate r(-12).
1
Let q(w) = -200*w - 1527. Give q(-12).
873
Let h(m) = -m**2 - 7085*m + 70957. Give h(10).
7
Let b(s) = 51*s**3 - 6*s**2 - 229*s - 427. Give b(-2).
-401
Let s(k) = 1395*k**2 + 12560*k + 6. Give s(-9).
-39
Let y(i) = -504429*i - 11601910. What is y(-23)?
-43
Let z(c) = -2*c**2 + 2623*c - 714488. Calculate z(386).
-2
Let h(u) = -42*u + 2359. Calculate h(27).
1225
Let y(b) = 2863*b - 8185. Determine y(3).
404
Let i(n) = 283*n**3 - 37*n**2 - 99*n - 19. Calculate i(-2).
-2233
Let i(v) = -2*v**3 + 462*v**2 + 4832*v - 2919. Give i(241).
-27
Let n(f) = 3348*f - 5128. Give n(2).
1568
Let b(n) = -276*n + 12639. Give b(46).
-57
Let w(j) = -j**3 - 7*j**2 - 256*j + 835. What is w(3)?
-23
Let w(o) = 30677*o + 153296. Determine w(-5).
-89
Let p(u) = 9070*u - 118173. Calculate p(13).
-263
Let a(p) = 344*p - 171714. Determine a(499).
-58
Let t(z) = -5459*z - 32760. Give t(-6).
-6
Let p(i) = -2505*i - 6251. What is p(-5)?
6274
Let x(a) = -30*a**2 + 2539*a - 11952. Calculate x(5).
-7
Let m(n) = -3*n**2 + 87*n + 891. Determine m(31).
705
Let t(g) = -6*g**3 + 1310*g**2 + 13224*g + 6. Give t(228).
6
Let l(v) = 17660*v + 353126. Give l(-20).
-74
Let z(p) = -288*p + 74028. Determine z(257).
12
Let w(x) = 5631*x - 50003. Determine w(9).
676
Let v(t) = -18647*t + 149263. What is v(8)?
87
Let u(l) = 5487841*l + 49390563. What is u(-9)?
-6
Let z(j) = -2*j**2 - 5*j + 565. Calculate z(16).
-27
Let z(w) = 2324*w - 137019. Give z(59).
97
Let g(h) = h**3 + 1336*h**2 + 88617*h - 3804. What is g(-1266)?
-6
Let q(g) = g - 153. Determine q(162).
9
Let j(o) = -500*o - 28912. Give j(-57).
-412
Let j(q) = 76*q**3 - 302*q**2 - 76*q + 320. What is j(4)?
48
Let v(y) = -28617*y + 1745709. What is v(61)?
72
Let i(q) = 92*q + 10036. Calculate i(-83).
2400
Let w(q) = -q**3 - 92*q**2 + 578*q - 1029. Calculate w(-98).
-49
Let j(r) = 3*r**3 - 687*r**2 - 23*r + 5967. What is j(229)?
700
Let i(j) = -118*j**2 - 1080*j - 182. Give i(-9).
-20
Let u(y) = 2*y**2 + 384*y - 2342. Determine u(6).
34
Let w(u) = -19*u**3 - 7*u**2 - 11*u + 14. Calculate w(-2).
160
Let a(t) = -196*t**3 + 30189*t**2 - 772*t + 284. Determine a(154).
-24
Let h(a) = 7*a**3 + 11*a**2 - 1156*a - 19. Calculate h(12).
-211
Let n(i) = -6*i**3 - 39*i**2 + 475*i - 651. Calculate n(5).
-1
Let k(i) = -188*i - 8205. Determine k(-42).
-309
Let y(k) = 14*k**3 - 573*k**2 + 68*k - 4517. Give y(41).
-48
Let z(s) = -1472*s - 2873. Give z(-2).
71
Let i(s) = 3*s**2 + 216*s + 818. Give i(-68).
2
Let v(l) = 13*l**2 - 153*l + 32. Calculate v(6).
-418
Let h(z) = 247452*z - 494913. Give h(2).
-9
Let i(o) = 2*o**2 + 171*o - 28717. Calculate i(-170).
13
Let h(t) = t**3 + 27*t**2 + 347*t + 1040. Determine h(-4).
20
Let l(x) = 2*x**3 + 55*x**2 + 243*x + 9545. Calculate l(-29).
-25
Let a(o) = -o**3 - 50*o**2 + 236*o + 886. Give a(-54).
-194
Let z(i) = i**3 + 4*i**2 - 266*i + 1372. What is z(5)?
267
Let q(w) = -231*w**2 + 440*w - 11. Determine q(4).
-1947
Let f(g) = -3*g**3 + 13*g**2 + 101*g + 73. What is f(-7)?
1032
Let p(o) = o**3 + 8*o**2 - 47467*o - 189932. What is p(-4)?
0
Let l(h) = h**3 - 46*h**2 + 153*h - 9778. Give l(47).
-378
Let v(j) = -41484*j - 331862. Determine v(-8).
10
Let i(p) = -p**2 + 5038*p + 55595. Give i(-11).
56
Let r(g) = 16*g**2 + 143*g + 2121. Calculate r(-12).
2709
Let u(q) = -2*q**3 - 14*q**2 - 274*q - 1565. Calculate u(-6).
7
Let o(p) = 547*p + 410. Calculate o(2).
1504
Let d(p) = -89*p**3 - 75*p**2 + 16*p - 4. Give d(1).
-152
Let f(i) = -36*i**2 - 570*i - 174. What is f(-15)?
276
Let j(a) = 3*a**3 + 88*a**2 - 2095*a + 894. Give j(-45).
-6
Let m(k) = -k**3 - 26*k**2 - 159*k - 446. Determine m(-21).
688
Let u(v) = 20*v - 2268. What is u(89)?
-488
Let i(p) = -p**2 - 321*p - 18790. Calculate i(-76).
-170
Let s(k) = -87*k + 3192. Calculate s(37).
-27
Let r(x) = x**2 + 3332*x + 66264. Calculate r(-20).
24
Let w(t) = -4*t**3 + 502*t**2 - 238*t - 1791. What is w(125)?
-291
Let r(h) = 29785*h - 7476035. Calculate r(251).
0
Let p(g) = -2*g**2 + 367199*g - 2203129. Determine p(6).
-7
Let k(w) = -229*w**3 + 232*w**2 + 141*w - 138. What is k(1)?
6
Let g(w) = 27*w**2 - 2975*w + 544. Give g(110).
-6
Let q(r) = 1873*r - 157291. What is q(84)?
41
Let q(g) = 63*g + 6015. Determine q(-101).
-348
Let i(s) = 3*s**3 - 149*s**2 - 197*s - 322. What is i(51)?
35
Let m(y) = y**3 - 47*y**2 + 489*y + 169. Determine m(31).
-48
Let z(h) = 670*h - 121275. What is z(181)?
-5
Let y(c) = c**3 + 95*c**2 - 234*c - 188. Determine y(3).
-8
Let r(d) = -526*d - 57. Calculate r(-2).
995
Let w(m) = 703*m - 863. Give w(-1).
-1566
Let p(a) = a**2 + 146982*a - 17210577. Calculate p(117).
6
Let s(n) = -n**3 - 53*n**2 + 937*n + 71. What is s(13)?
1098
Let p(c) = c**2 + 9190*c - 18384. Calculate p(2).
0
Let v(g) = 3*g**3 + 35*g**2 + 126*g + 25. What is v(-3)?
-119
Let c(y) = -3936*y + 834404. Determine c(212).
-28
Let p(a) = -1262*a**2 + 85820*a - 277. What is p(68)?
-5
Let k(j) = j**3 - 27*j**2 + 129*j + 148. Give k(20).
-72
Let n(x) = -252*x - 5054. Determine n(-19).
-266
Let l(y) = y**2 + 13525*y + 13315463. Determine l(-1069).
-1
Let o(i) = i**3 - 17*i**2 + 66*i - 2015. Determine o(19).
-39
Let s(r) = 3*r**3 + 358*r**2 - 976*r - 146. Determine s(-122).
-146
Let h(j) = -2*j**3 + 21*j**2 - 72*j + 253. What is h(12)?
-1043
Let r(a) = -11*a + 1311. Calculate r(89).
332
Let g(l) = 18276*l - 858971. Determine g(47).
1
Let w(t) = -18*t**3 - 830*t**2 - 1187*t - 50363. Calculate w(-46).
7
Let p(b) = -9*b**2 + 701*b - 2090. Determine p(75).
-140
Let l(p) = p**3 + 31*p**2 + 121*p - 130. What is l(-6)?
44
Let l(r) = r**3 - 173*r**2 + 534*r - 62189. Determine l(172).
75
Let d(m) = -m**3 + 111*m**2 + 226*m - 215. What is d(113)?
-215
Let h(n) = -2*n**3 - 210*n**2 - 382*n + 2415. Calculate h(-103).
-675
Let k(j) = 27*j**3 - 313*j**2 + 511*j - 199. Determine k(1).
26
Let q(v) = v**2 - 3*v - 2433. Calculate q(51).
15
Let w(j) = -259*j + 15435. Calculate w(77).
-4508
Let y(f) = -596*f**2 + 14298*f + 182. Calculate y(24).
38
Let k(m) = -710451*m + 36943452. Give k(52).
0
Let y(a) = 14340*a**2 + 28667*a - 11. Give y(-2).
15
Let z(g) = -2*g**3 + 27*g**2 - 6125*g + 54380. Give z(9).
-16
Let b(l) = -78*l - 697. Give b(-70).
4763
Let o(j) = j**3 + 398*j**2 - 78745*j - 5427. Determine o(-543).
3
Let c(i) = 113644*i - 227227. Calculate c(2).
61
Let z(h) = h**3 - 19*h**2 + 39*h - 30. Determine z(3).
-57
Let u(i) = -4*i**3 + 1779*i**2 + 419*i + 11613. What is u(445)?
43
Let k(y) = -3542*y - 2199656. What is k(-621)?
-74
Let j(q) = -2230*q - 17430. Calculate j(-7).
-1820
Let f(z) = z**2 + 269*z - 95119. Determine f(202).
23
Let t(s) = -14*s + 525. Calculate t(57).
-273
Let o(l) = -24*l**3 - 75*l**2 + 418*l + 27. What is o(-6)?
3
Let g(z) = -z**2 - 26615*z - 956846. What is g(-36)?
-2
Let w(h) = h**3 - 308*h**2 - 163*h - 45116. Give w(309).
-2
Let x(v) = 137*v**3 + v**2 - 40*v - 41. What is x(-1)?
-137
Let k(g) = -g**2 - 586*g - 25849. What is k(-48)?
-25
Let w(f) = 226344*f - 3168817. What is w(14)?
-1
Let i(q) = 3*q**3 - 19*q**2 + 26*q - 58. Calculate i(5).
-28
Let s(y) = -y**2 + 22259*y - 21441253. Give s(1009).
-3
Let c(z) = -16005*z - 208074. What is c(-13)?
-9
Let o(j) = -531588*j + 3189507. Give o(6).
-21
Let b(z) = 2*z**3 + 534*z**2 - 327*z + 56020. Determine b(-268).
8
Let l(w) = 23674*w - 2012283. Give l(85).
7
Let a(k) = 2*k**2 - 59*k + 593. Give a(24).
329
Let r(n) = n**3 - 44*n**2 - 1377*n + 61464. Give r(41).
-36
Let p(a) = 13*a**2 + 575*a + 87. Calculate p(-45).
537
Let k(w) = 75*w**2 + 485*w - 57. Determine k(-6).
-267
Let j(a) = 23*a**3 - 15*a**2 - a + 1. Give j(1).
8
Let p(r) = 81187*r + 81176. Calculate p(-1).
-11
Let l(j) = 4078*j + 65365. What is l(-16)?
117
Let u(p) = p**2 + 130*p + 4239. Give u(-61).
30
Let